= 0. Calculate p(m).
-5
Suppose 3*s + 0*s - 18 = 0. Let n(z) = -z**3 + 6*z**2 + 3. Determine n(s).
3
Let o(y) be the second derivative of y**4/8 + y**3/6 - 2*y**2 - y. Let p(d) be the first derivative of o(d). Give p(-1).
-2
Let t(a) = -2*a + 2*a + 3 - a. Give t(-3).
6
Let c(x) be the third derivative of x**5/60 + 3*x**2. Let p be 8/(-6)*(-2 - 1). Suppose 3*v + 5*a = 5, 1 + 3 = -5*v + p*a. Give c(v).
0
Let r(y) be the first derivative of -y**5/60 + 5*y**4/24 - y**3 + y**2/2 + 5. Let v(p) be the second derivative of r(p). Determine v(5).
-6
Let n(p) = 8*p + 2*p - 8*p - 1 + p. Calculate n(1).
2
Let v(g) = 2*g - 35. Let a be v(19). Let k(d) = -d + 1. Determine k(a).
-2
Let p(k) be the second derivative of k**3 + 3*k + 0 + 1/2*k**4 - 1/2*k**2 + 1/20*k**5. Let l(y) = -2*y**2 - y + 1. Let w be l(-2). Calculate p(w).
-6
Suppose -4*v = i + 9, -i + 6 = i + 2*v. Suppose i = x + 3. Let u(y) = -x*y + 0 + 1 + y**2 + 1. Give u(4).
2
Let m(t) = t**3 + 2*t**2 + 2*t + 2. Suppose -2*o = -2*j - 16, -5*o = 3*j - 20 + 4. Suppose 0 = 3*v + o + 4. Calculate m(v).
-13
Let z(l) = 9*l + 6 + 10*l**2 + l**3 - 10 + l**2 - 7. Give z(-10).
-1
Let d(u) = 1 - u**2 + 2*u**2 + 2*u**3 - 397*u + 398*u - u**3. Give d(-2).
-5
Let f(r) = -3*r**2 - r. Let p(h) = -h**2 - 8*h + 8. Let s(i) = -2*i + 3. Let u be s(6). Let x be p(u). Determine f(x).
-2
Let i(g) be the first derivative of -8*g**2 - g - 24. Determine i(-2).
31
Let f(x) = -x + 8. Let j be f(4). Let u(n) = -n**3 + 5*n**2 - 4*n - 5. Determine u(j).
-5
Let u(w) = 2*w - 1. Suppose 8*a - k = 4*a - 20, 0 = 2*a + 3*k - 4. Let g be a/(-1) - (3 - 1). Let t be u(g). Let n(o) = -o**3 + 2*o**2 + 3*o + 2. What is n(t)?
2
Let f(a) be the third derivative of 1/6*a**4 + 0*a + 0 - 1/20*a**5 - 1/6*a**3 - 1/360*a**6 - 2*a**2. Let x(y) be the first derivative of f(y). Calculate x(-5).
9
Suppose -2*u + 5*u = -3*c - 9, -4*c - 6 = u. Let g(y) be the first derivative of y**3 - 3*y + 1. Let f(q) be the first derivative of g(q). Calculate f(c).
-6
Let t(y) = 13*y + 1. Let b be ((-15)/6 + 0)*2. Let s = b + 3. Let j(m) = 14*m + 1. Let h(u) = s*j(u) + 3*t(u). Determine h(-1).
-10
Let g be 2 + 4/4 + -1. Let h(u) = 2*u**2 - 2*u - 1. Give h(g).
3
Let u be 2/(-6) - 58/6. Let v = 15 + u. Let n(k) = -2*k - k - 4 + 4*k. Give n(v).
1
Let a(h) be the third derivative of h**6/120 + h**5/12 + h**4/6 - h**2. Suppose 2*y - 12 = 5*y. Determine a(y).
0
Let o(c) = -c**2 + 2*c - 3. Let a(f) = 3*f**2 - 5*f - 4. Let j be a(-1). Determine o(j).
-11
Let v(b) = -9*b**3 + 7*b**2 + b + 7. Let p be (2/(-5))/((-1)/5). Let d(x) = 3 + x - 8*x**3 + 3*x**2 + 3 + 3*x**p. Let j(h) = 7*d(h) - 6*v(h). Give j(-1).
1
Let b(o) = 9*o + 13. Let x(r) = 5*r + 7. Let c be (-2)/(-6) + 34/6. Let i(g) = c*b(g) - 11*x(g). Suppose 0*y + 28 = 7*y. Calculate i(y).
-3
Let n(p) be the second derivative of p**5/20 - p**4/4 + p**3/6 - p**2 - p. What is n(3)?
1
Suppose -c + 20 = -0*c. Let p(w) = -3*w - c + 20. What is p(-1)?
3
Suppose c + 22 = 22. Let p(b) = b**2 + 6. Calculate p(c).
6
Let c(p) = -p**3 - 2*p**2 + 2*p - 4. Let f be c(-3). Let r = f + 6. Suppose 6 = r*i + 1. Let u(w) = w**3 - 2*w + 1. Calculate u(i).
0
Let x(o) = 6*o - 1. Let j(q) = -q**3 + 6*q**2 - 4*q - 6. Let r be j(5). Calculate x(r).
-7
Let x(c) = -4*c. Suppose -3*r = -7*r + 24. Determine x(r).
-24
Suppose 20*m = 23*m + 15. Let f(z) be the third derivative of -z**6/120 - z**5/12 + z**3/3 - z**2. Calculate f(m).
2
Let z(j) = 20*j - 32. Let m(n) = -13*n + 21. Let s(d) = 8*m(d) + 5*z(d). Let o(u) = -3*u + 8. Let w(r) = 3*o(r) - 2*s(r). Give w(6).
2
Let i(s) = 4*s + 6. Let x(m) = -3*m - 4. Let q(h) = 5*i(h) + 8*x(h). Give q(3).
-14
Let j(x) = x**2 + 5*x - 2. Suppose 23 = -12*y - 25. Give j(y).
-6
Let q(z) = 74*z**3 - 62*z**3 + z - 5 + 6. Determine q(-1).
-12
Let g(u) = -u - 4. Suppose -l - 2*l - 24 = 5*z, 3*z = -l - 12. Determine g(z).
-1
Suppose 0 = -13*w + 8*w. Let r(b) = -b + 16. Determine r(w).
16
Let i(j) = -4*j + j + 0*j. Suppose 6*k - 2 - 4 = 0. What is i(k)?
-3
Let f = 4 - 1. Let h(z) = 6*z**2 - 8*z + z**3 + f*z + z**2 - 2*z**2 - 1. Determine h(-6).
-7
Let a = -3 - -7. Let w(c) be the second derivative of -c**6/720 + c**5/15 + c**4/12 - c. Let l(j) be the third derivative of w(j). Determine l(a).
4
Let n(q) = -6*q**3 + 3*q**2 - q + 4. Let w(c) = -c**2 - 1. Let m be (1/(-3))/(5/15). Let g(y) = m*n(y) - 4*w(y). Give g(-1).
-6
Suppose -1 - 5 = -k. Let v(h) = 5*h**2 + 6*h - 7. Let g(p) = -6*p**2 - 6*p + 7. Let b(n) = k*g(n) + 7*v(n). Suppose -4*z + 0 = -20. Calculate b(z).
-2
Let a(d) = -d**2 - 5*d. Let u be a(-5). Let v(s) = -s - 1 + s**2 + u*s + 0*s**2. Let o be (2/4)/(7/(-14)). Give v(o).
1
Let j(u) = -3*u**3 + 13*u**2 - 9*u + 4. Let y(d) = 7*d**3 - 27*d**2 + 17*d - 8. Let f(n) = -5*j(n) - 2*y(n). Determine f(10).
6
Let h = -8 - -13. Suppose -h*c - 11 = 4*s, 3*c + 14 = 6*s - s. Let t(z) = z**2 - 4. Give t(c).
5
Let f(i) be the first derivative of i**4/4 + 4*i**3/3 - 7*i**2/2 + 21. Let y(j) = j**2 - 5*j - 5. Let g be y(5). What is f(g)?
10
Let x(q) = -q - 2. Suppose 0 = -o - 5*r - 11 - 11, -5*r - 43 = 4*o. Suppose 3*g + 13 = 5*f, 3*f - 11 = -g + 6*g. Let a = o + f. Calculate x(a).
3
Let p(w) be the second derivative of -w**3/2 + w**2 - 11*w. Let s(j) = -j**3 + 2*j**2 - 1. Let u be s(-1). Give p(u).
-4
Let s(b) = -b**2 - b + 1. Let k(u) = -6*u**2 - 8*u + 9. Let m(n) = k(n) - 5*s(n). Determine m(3).
-14
Let t(d) = 5 + 0*d**2 + 3*d**3 - 2*d**3 - 3*d**2 - 6*d. Suppose -3*k = 2 + 1. Let s be 14/4 - k/2. Calculate t(s).
-3
Let g(m) = m**3 - 2*m**2 - m - 1. Let b = 47 + -34. Let y = b - 10. What is g(y)?
5
Let c(k) = -3*k - 1. Let g be c(-1). Suppose 0 = g*m + j - 9, 4*j = -2*m - 3*m + 30. Let t(f) = -f**2 + 4*f. Give t(m).
4
Let m(o) be the first derivative of -o**4/4 + 5*o**3/3 + o**2 - 5*o - 19. Let j be (-10)/(-2) + 0/1. Determine m(j).
5
Let v(c) = 3*c - 3. Let r be v(2). Let h(k) = r - 5*k - 4 + 3*k. Determine h(-3).
5
Suppose -5*a + 10 = -5*k, -1 = -4*a + 2*k + 5. Let f(b) = 9*b**2 + 2*b - 1. Give f(a).
10
Let f(n) = -7*n**2. Let i be f(-1). Let x = -2 - i. Let o(d) = -5 + 3*d - 4*d + 3*d. Give o(x).
5
Let b(g) = g**3 - 3*g**3 + g**3 - 4*g**2. Let n = 16 + -20. Calculate b(n).
0
Let c(w) = -w**3 + 3*w**2 + 2*w + 3. Suppose -4*v = -2*v + 2. Let f = v - -4. Give c(f).
9
Let k(n) = -2 + 3*n**2 - 4*n**2 - 3*n - 2 + n. Calculate k(-3).
-7
Let q be (1 + -3 + 2)/(-1). Let v(g) be the third derivative of -g**6/120 + g**5/60 + g**4/24 + g**3/2 - 2*g**2. Give v(q).
3
Let p(t) be the first derivative of 5/3*t**3 - 2 - 1/2*t**2 - 3*t - 1/4*t**4. Give p(5).
-8
Let k(h) = h**2 + 7*h - 10. Suppose 22*n + 62 = -114. Determine k(n).
-2
Let u(y) = y**3 + 4*y**2 - 6*y - 3. Let x be 3 + -1 + -8 + 3. Let t = -2 + x. Calculate u(t).
2
Let p(g) = -17*g + 1. Let y(m) = -3*m. Let s(l) = -2*p(l) + 11*y(l). Determine s(3).
1
Let h(c) = c. Let k(l) = l**3 - 9*l**2 + 8*l - 1. Let y be k(8). What is h(y)?
-1
Let s = 8 - 13. Let h(u) = u - 4. What is h(s)?
-9
Suppose -4*f = -7*f. Suppose -4*a = u - 18, 5*a - 4*u + 6 = 39. Let l(t) = -12 + 12*t**2 + t - 5*t**2 - 3*t**2 - a*t**2 + t**3. What is l(f)?
-12
Let t(j) = j**3 + 4*j**2 + j - 5. Let k = -78 - -46. Let r be 10*(k/(-20) + -2). Determine t(r).
-9
Let n(v) be the first derivative of -v**2/2 - 8*v - 6. Determine n(0).
-8
Let c = -1 - -2. Let t(y) be the third derivative of -y**6/720 + y**4/12 + 2*y**2. Let m(a) be the second derivative of t(a). Calculate m(c).
-1
Suppose -4 = -2*t + t. Let k(s) = -s**2 + 4*s + 2. Let p be k(4). Let u(d) = -3*d**p + 4*d + 2*d**2 + 3*d**2 - 7*d**2 + d**3. What is u(t)?
0
Let n(a) = 2*a - 4. Let p(u) = -u**2 + 5*u - 3. Let w be p(5). Let x be -1 + 0 + (w - -7). Give n(x).
2
Let g(m) be the second derivative of m**5/20 - m**4/4 - 4*m**3/3 + 5*m**2/2 + 31*m. Give g(5).
15
Let o(m) = -8*m + m**2 - 1 + m**3 + 7*m + 2. Let f be o(0). Let l(k) = -5*k - 1. Calculate l(f).
-6
Suppose -2*g + 4 = u, -2*g - 1 - 5 = -4*u. Suppose 0 = -u*d - d. Let s(h) be the third derivative of h**5/60 + h**4/24 + 4*h**3/3 - h**2. Give s(d).
8
Let h(q) = 2*q**2 - 3*q + 2. Suppose -8 + 2 = -3*x. Let d be h(x). Let j(k) be the first derivative of k**2 - 5*k + 1. Calculate j(d).
3
Let i(c) be the third derivative of c**6/360 - c**5/20 + 5*c**4/24 - c**2. Let w(l) be the second derivative of i(l). What is w(4